 f. What is the units digit of c?
2
Suppose 0*p = -3*p. Suppose p = 3*b - 11 - 1. What is the units digit of b?
4
Suppose -4*o = 2*g - 12, 4*g - 2*o - 5 + 1 = 0. Suppose 4*n = 3*n - 2*q + 40, n - 2*q - 56 = 0. Suppose n = 2*f + g*f. What is the tens digit of f?
1
Let x(r) = r**3 + 4*r**2 - r + 3. Let w be x(-3). Suppose 5*s = 2*s + w. What is the units digit of s?
5
Let r(s) be the third derivative of -s**4/24 + s**3/6 - s**2. What is the units digit of r(-6)?
7
Suppose 4*w = 5*z - 38, -3*z + 34 = -6*w + 2*w. Let u(x) be the third derivative of x**4/24 + 5*x**3/3 - 2*x**2. What is the units digit of u(w)?
3
Suppose 0 = -o + 5*o - w - 569, 420 = 3*o - 3*w. What is the hundreds digit of o?
1
What is the units digit of -2 - (-33)/18 - 410/(-12)?
4
Suppose r + 3 = 3*v + 1, 4*r - 8 = 4*v. Suppose -y - v = -10. What is the units digit of y?
8
Let h be (-3 - -3)/3*-1. Suppose -2*r + 40 = -h*r. What is the tens digit of r?
2
Suppose -3*m - 4*x + 18 = 0, -4*m = m - x - 30. Suppose -5*j + m*j = 5. What is the units digit of j?
5
Let g be 1/2 + 34/(-4). Let z = -1 - 5. What is the units digit of 3/2*g/z?
2
Suppose -4*r = -39 - 13. Suppose -28 = -i - r. What is the tens digit of i?
1
Suppose -4*d + 9*d - 30 = 0. What is the units digit of d?
6
Let y(a) = 2*a**2 - 4*a. What is the tens digit of y(-3)?
3
Let t = 13 + -8. Let s = t - 3. Suppose s*v = -v + 24. What is the units digit of v?
8
Let s be 2*(2 + (-1 - (-3)/6)). Let q be 3/12 + 190/8. Suppose q = x + s*x. What is the units digit of x?
6
Suppose 5*h - 25 = x + 5, 45 = 5*h - 4*x. Suppose 0 = 4*v - 6*v + 4, -2*l - h*v = -14. What is the units digit of l?
2
Let h = 206 - 43. What is the hundreds digit of h?
1
Let z be 1/(-2)*10*-2. Let q = 7 + z. What is the units digit of q?
7
Let j(n) = 7*n**2 + 2. What is the units digit of j(2)?
0
Suppose -m = -3*m - 3*q - 18, -4*m + 3*q = 0. Let r be m/9 - (-98)/6. What is the units digit of -2*6/r*-4?
3
Suppose 2*d + v + 4 = 0, -2*d - 3*v = -d + 7. Let b = d + 1. Let l = b - -1. What is the units digit of l?
1
What is the units digit of (-2367)/(-12) - (-3 + (-65)/(-20))?
7
Suppose 2 = 4*t - 2*t. What is the units digit of t?
1
Let r(m) = m**2 - 2*m. Let t be r(3). Suppose 4*f = -5*z + 81, -5*z - t*f = 9 - 86. What is the units digit of z?
3
Suppose y - 1 = -5. Let j be (3 + y)/((-2)/32). Suppose h = j - 7. What is the units digit of h?
9
Let x = 92 + -65. What is the tens digit of x?
2
Suppose -m = -2*m. Let q(j) = 2 + m*j**3 + j**3 - 3*j**3 - j**2 + 3*j. What is the units digit of q(-2)?
8
Let s(h) = h. Let t be s(3). Let m = -3 + t. Suppose a - 1 + m = 0. What is the units digit of a?
1
Let u(x) = -x - 10. Let w be u(-9). What is the tens digit of (w - 38)/(-14 - -13)?
3
Suppose 0 = -h - 3*h + 48. What is the units digit of h?
2
Let i = 152 - 44. What is the tens digit of i?
0
What is the tens digit of (1/(-2))/((-3)/366)?
6
Let d = 28 - 20. Suppose -5*b + 7 + d = 0. Suppose -b*s + 30 = 2*s. What is the units digit of s?
6
Let q = 138 + -41. What is the tens digit of q?
9
Let n(t) = t**3 + 4*t**2 + t - 2. Let c be n(-3). Let i = -4 + c. Suppose -4*o + i*o + 4 = 0. What is the units digit of o?
1
Suppose -5*q - 73 = -3*z, -5*q = -12 - 8. Suppose 2*k + z = -4*i + 107, -2*i = 0. What is the tens digit of k?
3
Let g be (-29 + -1)/(2/(-1)). Suppose 4*b = 5*b + 1, 5*i + 5*b = g. What is the units digit of (-8)/i - (-7)/1?
5
Let b = 6 - 2. Suppose -b*s = -0*s - 8. Suppose 5*m - s*q - 50 = -0*m, -3*m + 29 = -q. What is the units digit of m?
8
Suppose 0 = -5*k + 3*n + n - 40, 3*n = 0. Let h = -5 - k. Suppose 3*a = 3*s - 21, -4*s - h*a + 19 = -16. What is the units digit of s?
8
Let o(m) = -17*m - 7. Let f be o(-5). Suppose 3*p - 3*x = 147, 4*p - 5*x - 273 = -f. Suppose -5*g + y + p = 3*y, -g + 4*y = 12. What is the units digit of g?
8
Let p(x) = -x**2 + 11 - 5*x - x**3 - 5*x**2 + 7*x**2 + 8*x**2. What is the units digit of p(8)?
5
Suppose 5*f - 7*f = -476. What is the hundreds digit of f?
2
Let x(t) = t**3 - 4*t**2 - 2*t - 5. Let g be 2/1 + (7 - 4). What is the units digit of x(g)?
0
What is the tens digit of (1 + 2)/((-10)/(-50))?
1
Suppose -2*c - 3*c = -2*f - 100, 3*c - 76 = -2*f. Suppose 30 + c = 2*x - k, 3*k = -5*x + 152. What is the tens digit of x?
2
Suppose -i + 5*b = 6 - 4, 0 = -4*i + 4*b - 40. Let g(l) = -l**2 + 8*l + 6. Let x be g(5). Let p = x + i. What is the units digit of p?
9
What is the units digit of 2*(-2)/16 - 2292/(-16)?
3
Let d(n) = n**2 + 3*n + 3. Let v be d(-3). Suppose -v*o = 2*a - 15, -5*o = -3 - 2. Let f = 9 - a. What is the units digit of f?
3
Suppose -2*x - 4*m + 229 = -5*m, x + 4*m = 110. Suppose -j - x = -5*n, 0 = 2*n - j - j - 44. What is the tens digit of n?
2
Let a = 7 - 12. Let w = a - -17. What is the units digit of (w/(-8))/(1/(-2))?
3
Let r = -4 - -4. Let x = r - -2. What is the units digit of x?
2
Suppose 4 = -5*q + 2*n - 3, 0 = -3*q + 3*n - 6. Let p be (-30)/(-8) - q/4. Let g = 9 - p. What is the units digit of g?
5
Suppose -5*p = 4*p - 153. What is the units digit of p?
7
Let i = 8 - 13. Let d = 8 + i. Suppose -5*s + 2*z = -11, 0*s - z - 7 = -d*s. What is the units digit of s?
3
Let t be 15 + 1 + -1*1. What is the units digit of (12/(-5))/((-6)/t)?
6
Let f(z) = 4*z + 2. Let k(d) = d**2 - 4*d - 3. Let b = -7 - -12. Let p be k(b). What is the units digit of f(p)?
0
Suppose 0*k + k - o + 1 = 0, -11 = 2*k - 5*o. Let f = k - 1. What is the units digit of f?
1
What is the tens digit of 1 + (-3 - (-74)/2)?
3
Suppose -12 = s - 5*s. Let y(z) = z**3 - 4*z**2 - z. Let t be y(s). What is the units digit of (-2)/3 + (-92)/t?
7
Let w = -30 - -82. What is the units digit of w?
2
Suppose -3*f + 6 = -0. Suppose -5*l - 5*t = 0, -t = f*l - 4 - 1. What is the units digit of l?
5
Let i = -97 - -107. What is the units digit of i?
0
Suppose 0 = -4*l + 12 - 0. Suppose l*j - 9 + 0 = 0. What is the units digit of j?
3
Suppose i + j = 2*i - 1, -4*j = 2*i - 8. What is the units digit of i?
2
Let l be ((-3)/(-6))/(3/30). Suppose 0 = 2*a - 2*b + 9 - 1, -20 = -2*a - l*b. What is the tens digit of 36/4 - (-1 + a)?
1
Suppose 0*v + 1112 = 8*v. What is the tens digit of v?
3
Let l(p) = -p**3 + 3*p**2 - 1. Let n be l(2). Let w be (n/(-3))/(1/(-4)). Suppose 2*g = -w*s + 32, 4*g + 0*s = 2*s + 14. What is the units digit of g?
6
Let c be 1/4 - (-9)/(-4). What is the tens digit of -6 + 7 - (c - 15)?
1
What is the tens digit of -4*21/(9/(-3))?
2
Suppose t - 10 = -4*t. What is the units digit of (-2)/(t/3) - -15?
2
Let k = -4 + 7. Let v be 1 + (-4)/12*-3. Suppose 3*a + 12 = 3*q + k, -v*q = a. What is the units digit of q?
1
Suppose 0 = -0*r + r - 1. What is the tens digit of (1 - r - -8)*3?
2
Suppose -3*h + 3 + 6 = 0. Suppose -36 = h*u - 6*u. What is the tens digit of u?
1
Suppose -3*o + 198 = 3*o. What is the tens digit of o?
3
Suppose 0*m - 119 = -3*c - 4*m, 3*c - 123 = -3*m. What is the tens digit of c?
4
Let p be 0 + -2 - (0 + -2). Let x(b) = -4*b**2 + 4*b - 1. Let j(y) = 5*y**2 - 5*y + 2. Let q(z) = 3*j(z) + 4*x(z). What is the units digit of q(p)?
2
Let f = -665 + 946. What is the hundreds digit of f?
2
Suppose -o + 2*o = -4*v + 7, o + 2 = 5*v. Suppose s - o + 2 = 0. What is the units digit of s?
1
Let a(y) = y**3 + 12*y**2 - 16*y - 17. Let q be a(-13). Let t = 12 + q. What is the tens digit of t?
3
Let y(x) = x**3 + 8*x**2 - 9*x. Let b be y(-9). Suppose 10 = 2*d - b. What is the units digit of d?
5
Let g = -10 + 1. Let f = g + 9. Suppose -4 = -f*h - h. What is the units digit of h?
4
Let a(l) = -l**2 + 6*l + 3. Let z be a(6). Suppose -z*o + 2 - 35 = 0. Let n = o + 19. What is the units digit of n?
8
What is the tens digit of (-68)/(-3)*42/28?
3
Let z be 3 + (4/(-8) - (-9)/(-6)). Suppose -3*n + 8*n - 20 = 0. Suppose -11 - z = -n*g. What is the units digit of g?
3
Let z(n) be the first derivative of -n**4/4 + 5*n**3/3 - 2*n**2 - 1. Let g(x) = x**2 - 4*x - 2. Let c be g(-1). What is the units digit of z(c)?
6
Let j(c) = 10 - 17 + c**3 + 4*c - 1 + 8*c**2. Let q(d) = -d**2 + 2*d + 1. Let l be q(4). What is the units digit of j(l)?
3
Suppose -2*c = -2*h - 0*h - 34, -5*c = -4*h - 71. Let r = 39 + h. What is the units digit of r?
5
What is the units digit of (-4)/(-6)*924/8?
7
What is the units digit of 128/6 - (-5)/(-15)?
1
Let t(n) = -8*n**2 - 2*n + 1. Let j be t(1